5*y + 355 = 4*x, -r = -y - 4*x + g. What is the units digit of y?
1
Suppose 2*i = -4*l - 12, 4*l + 9 = -i - 3. Let g(m) = m**2 + m + 39. What is the units digit of g(i)?
9
Let f(u) = 2*u**3 + 2*u**2 - 1. Let j(n) = -n - 5. Let x be j(-6). Let z be f(x). What is the tens digit of (2 - -8) + z + 3?
1
Suppose -3*i + i = -14. Let w(s) = -s**3 + 8*s**2 - 7*s. Let h be w(i). Suppose 4*d - 15 = 5*p - 85, -3*d = h. What is the tens digit of p?
1
Suppose 0 = -5*n - 789 + 3149. What is the tens digit of n?
7
Let b(j) = j**3 - 29*j**2 + 96*j + 38. What is the units digit of b(30)?
8
Let q = 40 - -4. Let m = 98 - q. What is the tens digit of m?
5
Suppose 38 = 5*w + 4*o, 0 = -4*w - 5*o - 3 + 28. What is the units digit of w?
0
Let i be ((-21)/(-5) + -4)*0. Suppose -5*b - 20 = i, -5*a - b + 419 + 242 = 0. Suppose -a = -3*k + t, 2*t + t + 3 = 0. What is the units digit of k?
4
Suppose 0 = 8*t + 11*t - 22515. What is the tens digit of t?
8
Suppose 5*m + 825 = 5*o, -4*m = -3*m + 4*o + 185. Let s = m - -315. Suppose -3*r + 156 = 4*d, 0*d + 3*d - s = 5*r. What is the tens digit of d?
4
Let s(k) = -85*k - 82. What is the hundreds digit of s(-10)?
7
Let t = -4063 - -8299. What is the hundreds digit of t?
2
Let d = -4314 + 7417. What is the tens digit of d?
0
Let t(r) = -10*r + 202. Let f be t(20). Let s(q) be the third derivative of q**4/12 - q**2. What is the units digit of s(f)?
4
Let g = -131 - -126. Let i(r) = -1 - 11 - 5*r + 2*r. What is the units digit of i(g)?
3
Let a(m) = m**2 - m + 25. Suppose x - 11 = 2*w - 3*w, -w - 29 = -3*x. Let n be 2/x - (-4)/(-20). What is the units digit of a(n)?
5
Let b be (-188)/6*(27/(-6))/1. Let d = -31 + b. What is the units digit of d?
0
Suppose -4*r + 727 = 5*c - r, 3*c = 3*r + 441. Suppose c = 4*h - 106. What is the units digit of h?
3
Let s(g) = -g**3 - 8*g**2 + 44*g + 26. What is the hundreds digit of s(-13)?
2
Suppose -3*n - 2*i + 47 = 0, -14 - 15 = -2*n + i. Let a(v) = 4 - 20*v - 3 + n*v. What is the tens digit of a(-4)?
2
Let f = -344 - -73. Let q = -103 - f. Suppose w - q = -2*w. What is the tens digit of w?
5
Suppose -3*o = -14*r + 12*r + 1263, 2*r + 3*o - 1257 = 0. What is the units digit of r?
0
Let d(j) = 14*j - 59. Let q(t) = -5*t + 20. Let f(h) = 3*d(h) + 8*q(h). Suppose 21*u - 24*u = -45. What is the tens digit of f(u)?
1
Let c(h) = h**3 - 6*h**2 + 7*h - 3. Let a be c(5). Let v = -2 + a. What is the tens digit of (-188)/(-10) + 1/v?
1
Let b(c) be the first derivative of -3*c**4/4 + c**3/3 - 3*c**2/2 - 14*c + 25. What is the tens digit of b(-4)?
0
Suppose -106 = -3*r - 4*n + 138, r - 85 = -5*n. Let l = 12 + r. What is the tens digit of l?
9
Suppose -v = 5*d - 467, -4*v + 6*v = -5*d + 949. What is the tens digit of v?
8
Suppose 3*k = 3*d + 60, 5*k = -d + 4*d + 104. Suppose -k*w + 2584 = -5*w. What is the tens digit of w?
5
Let c = -19 - 2. Let b = c - -16. Let f = 1 - b. What is the units digit of f?
6
Let g(w) = 8*w + 7. Let q be (-3)/((-12)/20)*-1. Let r be g(q). Let h = r + 51. What is the units digit of h?
8
What is the units digit of 79/(-2)*(-46 + 0)?
7
Let a(o) = -273*o**3 - o**2 - 7*o - 2. What is the hundreds digit of a(-2)?
1
Suppose 5*s - 20 = -4*j, 18 = -j + 4*s + 2. Suppose -7*q - 30 + 107 = j. What is the tens digit of q?
1
Let x be 1*(3/1 - 0) + -36. Let m = 60 + x. What is the tens digit of m?
2
Let q = 19 - 17. What is the units digit of ((-3)/1 + 0)*(-16 - q)?
4
Suppose -2*r + 814 = 5*m, -r - 418 = -2*r + 3*m. What is the tens digit of r?
1
Let g(o) = -o**3 + 10*o**2 + 2*o + 10. Let m(i) = 142*i + 11*i**2 - 142*i - 1. Let z be m(1). What is the tens digit of g(z)?
3
Let f = 0 - -3. Let t = f + 5. Let o = t - -5. What is the units digit of o?
3
What is the hundreds digit of 3952/10 - 38/190?
3
Let z be 2/9 + 3374/126. Let a = -26 + z. What is the units digit of a?
1
Suppose -3*q + 2*x = -2*q - 1055, -5284 = -5*q + x. What is the tens digit of q?
5
Let i(f) = 24*f**2 - 20*f - 20. What is the units digit of i(-8)?
6
Suppose 4*a + 0*a = 1600. What is the tens digit of a?
0
Let o(i) = i**3 - i**2 + 3*i + 329. What is the units digit of o(0)?
9
Suppose 4*c - 4*h + 164 = 0, -3*h + 36 + 133 = -4*c. Let s = 75 + c. What is the tens digit of s?
2
Suppose -4*o + 0 = -8. Let r be 2 - o*(-3 + 4). Suppose -5*a - 4*s = -146, -3*a + s + r*s = -74. What is the units digit of a?
6
Let u(j) = -j**2 + j - 20. Suppose 0 = -0*w - w + 4*h - 16, -3*w = 4*h - 16. Let x be u(w). Let f = x + 43. What is the tens digit of f?
2
Suppose 3*i = 5*m - 58, -2*i + 2*m = -6 + 38. Let x = i - -27. Let s = x + 3. What is the units digit of s?
9
Let q = -31 - -34. Let x be (-3)/(27/(-6))*q. Suppose 3*j - x*j = 51. What is the tens digit of j?
5
What is the units digit of 6*(-5)/(-60)*80?
0
Suppose -2*q - 493 = 183. Let l be q/(-91) + (-4)/(-14). Suppose 5*z - l*z = 40. What is the tens digit of z?
4
Suppose 3*t + 2 = -1. Let c be ((-6)/(-10))/(t/(-10)). What is the tens digit of ((-15)/c)/(2/(-20))?
2
Let z(r) = -r**2 - 8*r + 9. Let u be z(-9). Suppose u = -f - 0*f + 5. Suppose -4*g = 5*t - 77, -f*g + 4*t + 81 = -2*g. What is the units digit of g?
3
Suppose 0 = 4*l - 0*l - 20. Suppose 4*q + 2 = l*q. What is the units digit of 28 - (-1 + (q - 1))?
8
Let p(m) be the third derivative of 11*m**5/30 - m**4/6 + 5*m**3/3 - 8*m**2. What is the hundreds digit of p(3)?
1
Let r = 35 - 18. What is the tens digit of r?
1
Suppose 21*s - 1920 = 6*s. What is the tens digit of s?
2
Suppose 161*u = 166*u - 2335. What is the hundreds digit of u?
4
Suppose -h - 5 = -5*j - 25, 2*j + 26 = 4*h. Suppose 4*c - 204 = 4*p, 4*c = -h*p + 71 + 142. What is the tens digit of c?
5
Let u = 1 - 3. Let s = u - -5. Suppose -s*k - 2 = z - 21, -z + 11 = -k. What is the units digit of z?
3
Suppose -5*u = i - 3*i + 213, -237 = -2*i - 3*u. What is the units digit of (28/21)/(2/i)?
6
Let c(f) = -f**2 - 7*f + 6. Let d be c(-6). Let n = 129 + d. What is the hundreds digit of n?
1
Let l(h) = -h**3 - 6*h**2 + 8*h + 1. Let g be l(-7). Let u be ((-102)/(-4))/(6/(-8)). What is the units digit of 3/g + u/(-4)?
8
Let j = -10 + 17. Let a be 4/18 - (2476/(-18))/2. Let n = j + a. What is the units digit of n?
6
Let q(f) = -108*f + 26. What is the tens digit of q(-3)?
5
Let w(a) = a**2 + 12*a + 13. Let x be w(-11). Suppose -20 = -2*f + x*s, 2*s - 4*s = 2*f. What is the units digit of f?
5
Let t be (-10 - -5)*78*5/(-25). Suppose 5*q - 114 = -c, -6*c + 4*c - 2*q + 236 = 0. Let u = c - t. What is the tens digit of u?
4
Let l = 296 - 106. Let j = l - 131. What is the tens digit of j?
5
Let o be 6/(-3)*(0 + -1). Suppose -m - 10 = -5*i + 4*m, 11 = 3*i + o*m. Suppose -u = -i - 27. What is the units digit of u?
0
Suppose 4*z - 3*l - 1941 = z, -4*l - 1292 = -2*z. Let n = -422 + z. What is the hundreds digit of n?
2
Let a = 40 + -40. Suppose 2*d + a*i - 40 = -3*i, 76 = 4*d + 4*i. What is the tens digit of d?
1
Suppose 2*a = -33 - 21. Let u = 31 + a. Suppose -u*t - 323 = -5*j - t, 3*t = 3*j - 189. What is the tens digit of j?
6
Suppose -1039 = -3*c + u, 3*c - 4*c = 4*u - 329. What is the hundreds digit of c?
3
Let m(n) = 15*n + 571. What is the hundreds digit of m(0)?
5
Suppose 4*n = n + 9. Suppose -4*g = -5*r - n, 0 = -2*g + 5*r - 3 + 2. Suppose g*x + 2*p - p = 9, -p = -1. What is the units digit of x?
4
Suppose -2*f + 1848 = -8*f. Let i = -177 - f. What is the hundreds digit of i?
1
Suppose -4*y = -2*w - 44, 5*w + 52 = 5*y + 4*w. Suppose -2*a + 3*a = 5*k + y, -4*k = 0. What is the units digit of a?
0
Let m(j) = -5*j**3 + 9*j**2 + 6*j + 4. Let z(x) = -14*x**3 + 27*x**2 + 18*x + 12. Let n(t) = -11*m(t) + 4*z(t). What is the units digit of n(9)?
8
Let p = 473 - 54. Suppose 3*i + 3*s = 405, -3*i + s = -3*s - p. What is the units digit of i?
7
Let u be (-3*8/12)/2. Let f be (-6)/(u*(-1 + 3)). Suppose -o + 12 = f. What is the units digit of o?
9
Let d = 34 + -27. Let s = 7 + -5. Let x = d + s. What is the units digit of x?
9
Let j(u) = u**3 + 7*u**2 - 11*u - 12. Let k be j(-8). Suppose -k*g = -9*g - 54. What is the tens digit of g?
1
Let l = 37 - 27. Suppose 0 = n - 5*j - l, -n + 2*n + 2*j - 10 = 0. Let d(g) = g**3 - 10*g**2 + 7*g - 4. What is the tens digit of d(n)?
6
What is the units digit of (-11)/(88/(-984)) + 3/(-1)?
0
Let d = 413 + 707. What is the thousands digit of d?
1
Let r(n) = -n - 3